
Let w(k) = -2*k**2 - 8*k - 1. Suppose -3*n + 6*r = 11*r + 10, -30 = 5*n - 5*r. Let c be w(n). Let g(q) = q**2 + 3*q - 20. What is the units digit of g(c)?
8
Let u = 127 + -517. Let n = u + 204. Let v = 328 + n. What is the tens digit of v?
4
Let w be -5 + (-119)/(-5) - 1/(-5). Suppose w*s - 9296 = 5*s. What is the hundreds digit of s?
6
Let a(l) = 2*l**3 - 71*l**2 + 101*l + 33. Let w be a(34). What is the tens digit of w + (-6 - (-279 + -7))?
7
Let f = 20 + -7. Let s = -11 + f. Suppose 0 = -i + 3*y + 25, 0*i + 30 = s*i - y. What is the units digit of i?
3
Let r(p) = 36*p**2 + 72*p - 1052. What is the ten thousands digit of r(35)?
4
Let s = 151438 + -52152. What is the hundreds digit of s?
2
Let f = 65653 + -21614. What is the thousands digit of f?
4
Let n(y) = 4231*y - 14194. What is the tens digit of n(26)?
1
What is the tens digit of (1 - 1549)*(-3*8/12 - -1)?
4
Let n(r) = 3*r - 78. Let z be n(0). Let i = -11 + 7. What is the tens digit of 1*(z*4)/i?
7
Suppose -1944607 = -46*w - 640415. What is the tens digit of w?
5
Let b be ((-6)/3)/(2/(-7)). Suppose 4*j - b = y + 4*y, -5*j = -y - 14. Suppose 0 = -5*r - j*v + 403, 0*r - 3*r - 4*v + 233 = 0. What is the tens digit of r?
8
Let i(w) = -119*w**3 - 2*w**2 + 3. What is the thousands digit of i(-5)?
4
Suppose -3*j - 3370 + 45916 = 0. What is the thousands digit of j?
4
Suppose -5960*o + 6024*o - 1523648 = 0. What is the thousands digit of o?
3
Let b(f) = 37*f - 3. Let t be (0 - 3)/((-2)/(-4)). Let z be t/(-21) + (-40)/(-56). What is the units digit of b(z)?
4
Suppose 3*a - 819 = 15*h - 13*h, -2*h = -a + 269. Let w = a - -34. What is the units digit of w?
9
Suppose -263*z = 4223947 - 3813225 - 11035396. What is the ten thousands digit of z?
4
Let a = -20578 - -32467. What is the hundreds digit of a?
8
Let g(r) = 4*r**2 - 30*r + 4. Let o be g(10). Let b = 62 - o. What is the tens digit of (b/4)/((-6)/56)?
9
Let t be (517/188)/((-2)/(-4*2)). Suppose 0 = -4*r + 4*q + 4, r - 5*q = -t. Suppose h + v - 131 = 0, -v + 161 = -r*h + 665. What is the tens digit of h?
2
Suppose 16*k + 31588 = 172836. Suppose 10*z + 2168 = k. What is the tens digit of z?
6
Suppose -10 = -q - 7. Let k be (-1 - (-3 + 4)) + q. What is the tens digit of k + 5/((-10)/(-32))?
1
Let x = 406 + -265. Suppose m - 389 = 3*g + x, -1642 = -3*m - 4*g. What is the hundreds digit of m?
5
Suppose 4*o + 5*c - 33089 = 0, c + 8256 = o - c. What is the units digit of o?
6
What is the hundreds digit of 72146*(10 + -9) + -3?
1
Let b be (-47 + 66)*11*12. Let l = b - 1753. What is the hundreds digit of l?
7
Suppose -k + 65914 = 3*z, 9*z - 6*k = 10*z - 21960. What is the tens digit of z?
7
Let r(o) = -o + 1. Let f be r(1). Suppose 0 = 3*g - f*g - 930. What is the hundreds digit of g?
3
Let i(z) = 92*z + 5. Let j be i(-2). Let q be (-92*(-4)/8 + 3)*-2. Let n = q - j. What is the tens digit of n?
8
Let i(f) = -129 + 75*f**2 + 627*f**2 + 61 + 70. What is the tens digit of i(1)?
0
Let t(n) = -n + 5. Let i be t(1). Suppose -6*v + 4*v - 2*p + 70 = 0, -3*v - i*p + 100 = 0. What is the units digit of v?
0
Let c(a) = a**2 + 6*a - 7. Let m be (5 + -13)/4*9/2. Let y be (m + 1)*3/(-8). What is the tens digit of c(y)?
2
Let x be ((-48)/7 - -6)*(-2 - 320). Suppose 0*j - 4*j = -x. What is the units digit of j?
9
Suppose 5*d - d = 5*y + 445, -345 = 4*y - d. Let a = y + 91. Let x(b) = b**3 - 4*b**2 + 6*b - 3. What is the tens digit of x(a)?
0
Let y(i) be the second derivative of i**5/20 - i**4/12 - i**3/3 + 47*i**2 + 3*i. Suppose -10*k + 14*k = 0. What is the tens digit of y(k)?
9
Let t = 96 + -92. Suppose t*p = 2*a + a + 4101, 4*p + 5*a = 4141. What is the hundreds digit of p?
0
Let w = -147913 - -216561. What is the tens digit of w?
4
Let g = 18538 - -10672. What is the ten thousands digit of g?
2
Let q(d) be the first derivative of 11*d**6/180 - d**5/60 - d**4/12 + 4*d**3 - 10. Let v(g) be the third derivative of q(g). What is the units digit of v(-2)?
0
What is the units digit of ((-150)/(-20) + 9)*2?
3
Let i = -13845 + 22682. What is the tens digit of i?
3
Let r = 20653 - 4360. What is the hundreds digit of r?
2
Suppose -5*y = -u - 124320, -5*y + 229*u + 124300 = 224*u. What is the units digit of y?
5
What is the hundreds digit of 2656 - (-18)/(-27)*-9?
6
Let s(f) = -90*f - 9. Let r(q) = -135*q - 12. Let v(a) = 5*r(a) - 8*s(a). What is the hundreds digit of v(9)?
4
Let u = 1576 - 982. Suppose 9*p - u = -0*p. Suppose 2*v - 4 = 0, 2*n - v - 196 = -p. What is the units digit of n?
6
Suppose u - 19 = -16. Suppose -561 = -u*s - 3*v, 5*s - 931 = -2*v - v. What is the tens digit of s?
8
Suppose 31*r = 14*r + 15317. Let j = -449 + r. What is the tens digit of j?
5
Let s be (-3)/1 - (306 + -7). Let g = 650 + s. What is the hundreds digit of g?
3
Suppose -3*l - 6170 + 35453 = -3*a, 4*l = -4*a + 39036. What is the tens digit of l?
6
Let u(f) = f**3 - 66*f**2 - 100*f + 1240. What is the thousands digit of u(75)?
4
Let q = -73 + 46. Let y = 101 + -56. Let k = y + q. What is the tens digit of k?
1
Suppose 2*z = 173 - 25. What is the units digit of z*((-98)/84)/((-2)/6)?
9
Let w(f) = f**3 + 42*f**2 - f + 7903. What is the thousands digit of w(0)?
7
Let u = -40 - -43. Suppose i + 3*r + 193 = u*i, 4*i - r - 381 = 0. Let q = 180 - i. What is the units digit of q?
5
Let b(n) = 2*n**2 - 2*n**3 + 15*n + 12 + 0*n**3 - n**2 - 4*n. Let m(z) = z**2 + z + 1. Let u(w) = b(w) - 2*m(w). What is the tens digit of u(-5)?
9
Suppose -26*g + 22880 = -78*g. Let x = 727 - g. What is the thousands digit of x?
1
Let i = 60 + -42. Let v be (-4 - (-36)/8)/((-3)/i). What is the tens digit of (-2)/5 + v/45*-531?
3
Let w = 1956 - 942. Suppose 0 = 8*m - 5*m - w. What is the tens digit of m?
3
Let h = 8 - -30. Suppose 3*f - 5*p = 1586, 0 = -h*f + 41*f + 2*p - 1558. What is the hundreds digit of f?
5
What is the units digit of 1/(-17)*0 + 7874?
4
Let u(q) = 1957*q - 1164. What is the units digit of u(3)?
7
What is the units digit of (-9)/6 - (-17)/((-476)/(-8358))?
7
Let x(n) = 170*n + 76. Let j be ((-2)/((-8)/108))/3. What is the thousands digit of x(j)?
1
Suppose 112*u + 3896 + 920 = 0. Suppose -6*h + 2*h - 412 = -4*j, 5*h + 15 = 0. Let r = j - u. What is the tens digit of r?
4
Let i(r) = -192*r - 36927 - 102*r + 36927. What is the tens digit of i(-5)?
7
Suppose 0 = 3*r - 12, -5*a = r - 2*r + 44. Let f(b) = 3*b + 29. Let h be f(a). Suppose i = 3*p + 207, 4*i - 2*i = -h*p + 381. What is the tens digit of i?
9
Suppose -5*i + 413 = 5*t - 967, t + 808 = 3*i. Suppose -i = -3*p + 1016. What is the units digit of p?
9
Suppose 3*o = -2*o + 5*l + 525, -5 = 5*l. Let s be (-9)/6*o/(-12). Suppose -9*u - 524 = -s*u. What is the tens digit of u?
3
Suppose 121*b - 2529440 + 303887 = 0. What is the ten thousands digit of b?
1
Suppose 2*a = -3*i - 33, 2*a - 5 + 35 = -4*i. What is the tens digit of (63480/a)/(-2) - (-40)/70?
1
Let b(c) = 6*c**2 + 3*c. Let v be b(-3). Let k be (v/(-20))/3*264. Let q = k - -284. What is the tens digit of q?
8
Let q(y) = 3*y**3 - 31 - 25 + 8*y**2 - 25 + 77 - 5*y. What is the hundreds digit of q(6)?
9
Let j = -65 - -68. What is the tens digit of 1660/6 + 19/j + -6?
7
Suppose 3*p = -2*j + 57698, -1845 = p - 5*j - 21106. Suppose 25*g + 3*g - p = 0. What is the units digit of g?
7
Let z(m) = -2*m**2 + 11*m - 2. Let p be z(5). Suppose 6*d - 5*d - 182 = -p*y, -2*d + y + 336 = 0. What is the hundreds digit of d?
1
Suppose 0 = 19*j - 40567 + 2225. What is the hundreds digit of j?
0
Suppose 0 = q - 13*h + 18*h - 5, -3*q + 5*h + 95 = 0. Suppose -u - 25 = 4*u. What is the tens digit of q - u/((-5)/3)?
2
Suppose 5*o - 3*g - 88365 = 0, 2*o + 17*g = 15*g + 35346. What is the thousands digit of o?
7
Suppose 5*q - 29692 = -4*l + 34784, 4*l = -4*q + 64472. What is the thousands digit of l?
6
Let x(z) = z**2 + 4*z - 1. Let h be x(-6). Suppose -85*f + 45*f + 3120 = 0. Let p = f - h. What is the tens digit of p?
6
Let f = 167 + -167. Suppose -4*x + 4*m + 2292 = f, -57*x - 5*m = -59*x + 1131. What is the hundreds digit of x?
5
Let j be 0 - -77 - 13/13. Let n be 3 - (1 + (-1 - 2)). Suppose 69 + j = n*b. What is the tens digit of b?
2
Suppose 0*f + 4*f = -8. Let g be ((-4)/(-5))/(f - (-36)/15). What is the units digit of g/(-2)*(3 + -6)?
3
Let r = -242 + 247. Suppose 1916 = r*t - 2*c, -2*t - c = -0*c - 770. Wha